hat is 210 + -39?
171
In base 16, what is -2 - -161a?
1618
In base 10, what is -61 - -13?
-48
In base 16, what is -4 + 116?
112
In base 7, what is 24355 - 0?
24355
In base 7, what is -4 + -50?
-54
In base 16, what is 1c8 - -1?
1c9
In base 16, what is -59 - -b?
-4e
In base 6, what is -5 + 125?
120
In base 12, what is 15 - 16a?
-155
In base 7, what is -135 - 1?
-136
In base 2, what is 100 + -10000?
-1100
In base 16, what is -3 - 30?
-33
In base 5, what is 2304 - 2?
2302
In base 14, what is a - 25?
-19
In base 13, what is -113 + 52?
-91
In base 8, what is -31 + -43?
-74
In base 10, what is 0 + 197?
197
In base 11, what is 5 - 42?
-38
In base 5, what is 20 + 100?
120
In base 12, what is -1a - -bb?
a1
In base 7, what is 24 + 212?
236
In base 16, what is 70 + 0?
70
In base 13, what is -5 + -78?
-80
In base 10, what is -313 + 32?
-281
In base 9, what is 28 - 2?
26
In base 13, what is -62 + -a?
-6c
In base 4, what is -32 - 31?
-123
In base 3, what is 11 - -11021122?
11021210
In base 2, what is -10101 + -10?
-10111
In base 13, what is -c82 + -3?
-c85
In base 7, what is 5 + 1161?
1166
In base 12, what is 5 + 872?
877
In base 4, what is 11 + 2022?
2033
In base 2, what is -11 - -1001000?
1000101
In base 6, what is 55242 + -4?
55234
In base 10, what is -5 + -102?
-107
In base 14, what is 87 + -64?
23
In base 14, what is -33c - 3?
-341
In base 4, what is -2 + 12132?
12130
In base 11, what is 6 + 375?
380
In base 11, what is 0 + -52?
-52
In base 4, what is 1210 - 1?
1203
In base 3, what is 2111 - -10210?
20021
In base 11, what is 0 - -654?
654
In base 11, what is 5 - -431?
436
In base 11, what is 4 + 727?
730
In base 2, what is 100 - 11011011?
-11010111
In base 11, what is 158 - 18?
140
In base 6, what is 343341 + -1?
343340
In base 4, what is -11 + 1322?
1311
In base 12, what is -2949 + 0?
-2949
In base 6, what is 150 - -4?
154
In base 16, what is 1c + 1?
1d
In base 16, what is 30 + 0?
30
In base 7, what is 0 + 106?
106
In base 2, what is 11010011001 - 1001?
11010010000
In base 3, what is 22002 - 0?
22002
In base 6, what is 2213 - 2?
2211
In base 6, what is -3 + 5321?
5314
In base 8, what is 6 - 23?
-15
In base 10, what is 45 + -327?
-282
In base 4, what is 1021 - -11?
1032
In base 16, what is -3 - 1fe?
-201
In base 4, what is 3 - 32?
-23
In base 4, what is 3 - -1011?
1020
In base 10, what is 7 + 81?
88
In base 6, what is 1 - -131?
132
In base 8, what is 127 - -17?
146
In base 12, what is -306 + -1?
-307
In base 4, what is -31 - -233?
202
In base 9, what is -2366 - 1?
-2367
In base 3, what is 1 - -22211?
22212
In base 4, what is -202333 - -1?
-202332
In base 4, what is -10020 + -1020?
-11100
In base 13, what is -3 + 247c?
2479
In base 2, what is 1011 - 10000?
-101
In base 15, what is 28 + -b?
1c
In base 4, what is 1113 - -133?
1312
In base 7, what is 1 + -113?
-112
In base 8, what is -7 + 115?
106
In base 4, what is 0 - -1220?
1220
In base 16, what is 2ce - -a?
2d8
In base 6, what is -25432 + -5?
-25441
In base 14, what is 0 + 850?
850
In base 11, what is -39 - -7?
-32
In base 15, what is 19a4 - -1?
19a5
In base 2, what is -10100 - -1001100?
111000
In base 11, what is 0 - 202?
-202
In base 7, what is -2 + 1316?
1314
In base 7, what is -432 - 5?
-440
In base 16, what is 622 + -8?
61a
In base 6, what is 5 - -5040?
5045
In base 10, what is -915 + 5?
-910
In base 3, what is 0 + -1002002?
-1002002
In base 2, what is 11100010 + -11111?
11000011
In base 5, what is -1 + -3324?
-3330
In base 8, what is -11 + -117?
-130
In base 14, what is -1a84 - 4?
-1a88
In base 7, what is 41 - -4?
45
In base 6, what is -20144 - 0?
-20144
In base 3, what is -121 - -101200?
101002
In base 11, what is -1 - 45?
-46
In base 7, what is -51 + -13?
-64
In base 2, what is 101 + 1110100010111?
1110100011100
In base 2, what is 11100001100 + -11?
11100001001
In base 16, what is -2 + 28?
26
In base 5, what is -1 + 210?
204
In base 9, what is 223 - 1?
222
In base 9, what is -1346 + 5?
-1341
In base 5, what is 304 + 40?
344
In base 4, what is 10 + 101223?
101233
In base 4, what is 20 - -100?
120
In base 5, what is 10 - -430?
440
In base 4, what is -102123 + -3?
-102132
In base 6, what is -5310 + -10?
-5320
In base 16, what is -5 + 426?
421
In base 8, what is 46 - 14?
32
In base 3, what is 11221 - 1122?
10022
In base 15, what is -3 + -14?
-17
In base 15, what is 29c2 - 0?
29c2
In base 6, what is 1 + 11231?
11232
In base 14, what is 19 + 28?
43
In base 6, what is -355 + -2?
-401
In base 7, what is 301 + -4?
264
In base 8, what is 11674 + -7?
11665
In base 12, what is 0 + -407?
-407
In base 2, what is -1000 - 1?
-1001
In base 12, what is 3 - -219?
220
In base 5, what is 103021 - -10?
103031
In base 8, what is 3 - 713?
-710
In base 10, what is -6 - -236?
230
In base 14, what is -3 - -491?
48c
In base 8, what is 3 - 11654?
-11651
In base 14, what is 182 - -4?
186
In base 3, what is -112211 + -2222?
-122210
In base 8, what is -2 - -751?
747
In base 16, what is -6 + 3c?
36
In base 11, what is -562 + 5?
-558
In base 6, what is -1341 + 11?
-1330
In base 3, what is -22120 - -1?
-22112
In base 3, what is 100 + 1221?
2021
In base 15, what is -8d8 - -9?
-8ce
In base 8, what is -26 + 14?
-12
In base 10, what is -1 - -17?
16
In base 3, what is 110010002 + 2?
110010011
In base 10, what is 0 + -3171?
-3171
In base 11, what is 2a5 - -3?
2a8
In base 10, what is 138 + 3?
141
In base 15, what is -1 - -be9?
be8
In base 6, what is -22 - -2?
-20
In base 2, what is 1101 + 100101?
110010
In base 3, what is -2020 - 12?
-2102
In base 10, what is 8956 - 3?
8953
In base 12, what is 0 - -25?
25
In base 8, what is -3240 - 1?
-3241
In base 14, what is 51 - -4?
55
In base 8, what is 1436 + 5?
1443
In base 15, what is -99 - -5?
-94
In base 11, what is 2575 - 5?
2570
In base 14, what is 1 + -83?
-82
In base 3, what is -122 - 121122?
-122021
In base 2, what is 101 + -1001101?
-1001000
In base 5, what is -4 + -2410?
-2414
In base 12, what is -176 - a?
-184
In base 13, what is -411 + -1?
-412
In base 5, what is -2 + 23?
21
In base 3, what is 100 - -12?
112
In base 9, what is -120 + 4?
-115
In base 14, what is -3b5 + 0?
-3b5
In base 6, what is -55 + -2?
-101
In base 2, what is -10 + -111111?
-1000001
In base 16, what is 49 - 2c?
1d
In base 15, what is 1b2 + 10?
1c2
In base 15, what is 8a - 0?
8a
In base 8, what is 2324 - -4?
2330
In base 11, what is -1 + 2092?
2091
In base 12, what is 12 - 206?
-1b4
In base 8, what is 1 - 12613?
-12612
In base 7, what is 21 + 313?
334
In base 7, what is 62 - 0?
62
In base 10, what is -23 + -20?
-43
In base 13, what is -1 + -58b?
-58c
In base 16, what is 9d3 - -3?
9d6
In base 13, what is 5 + 3c?
44
In base 7, what is -51 + 34?
-14
In base 15, what is a + 4c?
57
In base 5, what is 4 + -1013?
-1004
In base 5, what is -233400 + 2?
-233343
In base 11, what is 99 - -3?
a1
In base 8, what is -621 + -6?
-627
In base 15, what is c - -68?
75
In base 11, what is -3 - -1638?
1635
In base 14, what is 0 + -13?
-13
In base 15, what is -300 + -1?
-301
In base 12, what is 15 - 5?
10
In base 5, what is 20 + -12?
3
In base 7, what is 155 - 44?
111
In base 9, what is 14 + -2301?
-2276
In base 3, what is -21 + 102?
11
In base 8, what is -3 - -263?
260
In base 9, what is 6 + -1864?
-1857
In base 10, what is 5 + -26?
-21
In base 12, what is -6b0 + 0?
-6b0
In base 5, what is 4 + -122322?
-122313
In base 6, what is 1 + -100?
-55
In base 7, what is 320 - -5?
325
In base 16, what is -25c - -5?
-257
In base 16, what is -b - -6e?
63
In base 4, what is 1 - -10110?
10111
In base 5, what is 33040 + -1?
33034
In base 3, what is -12 - 200100?
-200112
In base 10, what is 98 + -4?
94
In base 6, what is -115 - -1534?
1415
In base 6, what is 5 - 54?
-45
In base 7, what is -3601 + -4?
-3605
In base 9, what is 855 - -5?
861
In base 16, what is 9 - -1eb?
1f4
In base 6, what is -104 - 105?
-213
In base 8, what is 270 - -4?
274
In base 4, what is 223 + -23?
200
In base 11, what is -113 - 5?
-118
In base 3, what is 120 + 1120?
2010
In base 10, what is 23 + 13?
36
In base 11, what is -384 - 6?
-38a
In base 9, what is -47 + 1?
-46
In base 6, what is -10014 - 2?
-10020
In base 5, what is -111 + -1?
-112
In base 7, what is 3131 + 25?
3156
In base 13, what is 2c30 - -2?
2c32
In base 11, what is 7 - -1229?
1235
In base 2, what is -100010000001 +